d(a) = -2*a**3 + 13*a**2 + 11*a - 1. Let o(g) = 3*d(g) + 5*k(g). Determine o(4).
9
Let t(i) = i**2 + 8*i + 4. Let d be t(-7). Let c(n) = -n**2 + 3. Determine c(d).
-6
Suppose h + 0 + 2 = -2*k, 3*k - 6 = 0. Let y(o) = o**2 + 7*o + 1. Determine y(h).
-5
Let j(u) = -4*u - 6. Suppose q - 9*q - 32 = 0. What is j(q)?
10
Let s(j) = 0 + 2*j**2 - j + 0*j**2 + j**3 - 1. Let f(g) = -9*g**3 - 2*g**2 + 1. Let k be f(-1). Suppose a + 16 = -5*c, 6*c = 3*c + a - k. What is s(c)?
-7
Suppose 2*z + 3 = -9. Let w = z + 9. Suppose 5*u + p - 11 = -2*p, 3*u - 9 = -w*p. Let v(r) = -2*r**3 - r**2. Determine v(u).
-3
Suppose -4*l = -1 + 5. Let p(x) = 23*x**3 + 3*x**2 + 14*x + 3. Let b(k) = 15*k**3 + 2*k**2 + 9*k + 2. Let v(s) = 8*b(s) - 5*p(s). What is v(l)?
-5
Let t(p) = 0 - 8 - p + 2*p**3 + 10 + 2*p**2 + 0*p**2. Determine t(-2).
-4
Let k(j) = 2*j**3 + 2*j**2 + 2*j - 2. Let q be 7*-1 - (-2)/1. Let z be (-4)/(q/((-5)/2)). Determine k(z).
-14
Suppose 3*d - k = 7 + 2, 5*d = -2*k + 4. Suppose -2*j = -4 - d. Suppose i + j = 3*u - 2, 3*u - 3*i + 3 = 0. Let h(q) = -q**2 + 3*q + 2. Calculate h(u).
2
Let y(x) = x**2 - 11*x - 9. Let d be (-5)/(-50)*8 + 51/5. Give y(d).
-9
Let c = -3 + 5. Suppose -c*w + 15 = 3*w. Suppose w*f + 5 = -2*f. Let r(a) = 7*a + 1. Give r(f).
-6
Let t(r) = -9*r**2 + 1. Let j(d) = -2*d + 7. Let y be j(6). Let s(f) = -f**3 - 6*f**2 - 5*f + 1. Let u be s(y). Calculate t(u).
-8
Let m(w) = -21*w + 3 + 6*w + 6*w + 10*w. Determine m(-4).
-1
Let c be ((-8*2)/(-4))/(-2). Suppose -5*k + 6*k = 3. Let l(p) = 4*p**k - 6*p**3 - 3*p**2 - p - 5 + 4. Calculate l(c).
5
Suppose 0 = -x + 7 - 4. Suppose -3*l + 8*l - 4 = 2*h, -x*h + 7 = -l. Suppose -2*w = -w - h. Let m(k) = k**2 - k. Determine m(w).
6
Let z = 11 + -8. Let g(n) be the second derivative of n**5/20 - n**4/4 + n**3/2 - 3*n**2/2 + 2*n. What is g(z)?
6
Let o(u) = 3*u - 1. Let k(h) = 2*h - 3 + 5 - h. Let g be k(5). Let n = -6 + g. What is o(n)?
2
Suppose 4*u - b - 103 = 4*b, 3*u + 2*b = 83. Let k = -22 + u. Let d(a) = -a**3 + 5*a**2 + a - 1. What is d(k)?
4
Suppose o + 5 = -2*a + 6*o, -5*o = -5. Suppose -4*n - 24 = -0*j - 2*j, -5*n - 4*j - 4 = a. Let m(f) = 3*f + 6. Determine m(n).
-6
Let y(d) = -d**3 - 9*d**2 - 6*d + 10. Let a be y(-8). Suppose 2*n - 2*c = 2*c - 4, -2*c - 14 = -5*n. Let t(f) = 2*f - f + 2 - n*f + 4*f. Determine t(a).
-4
Suppose -7 = w - 6. Let g(k) be the first derivative of -2*k**2 + k + 2. Calculate g(w).
5
Let q(d) = 7*d + 11. Let u(z) = -4*z - 6. Let f(o) = 6*q(o) + 11*u(o). Let a be (22/(-4) - -4)*2/(-3). Let i be f(a). Let x(j) = j**3 + 3*j**2 - 2. Give x(i).
2
Let k(g) be the third derivative of g**6/720 - g**4/4 + 9*g**2. Let u(a) be the second derivative of k(a). Determine u(5).
5
Suppose -k = 3*k - 64. Let g(y) = 6 + 12*y - k*y + 6*y. What is g(5)?
16
Let p be 4/(-6) + (-8)/(-3). Suppose -3*g = -p - 10. Let t(v) = v**2 - 1. Let y(j) = 2*j**2 - 3*j - 5. Let d(o) = t(o) - y(o). Determine d(g).
0
Let x(z) = -3*z - 19. Let r(n) = -5*n - 29. Suppose 2*d + 15 = 5. Let y be 6/(9/(-12)*-1). Let h(a) = d*r(a) + y*x(a). What is h(5)?
-2
Let s(n) = -n - 3. Let t(l) = l**2 + 4*l - 12. Let o be t(-6). What is s(o)?
-3
Suppose 18 = 2*n + 8. Suppose -5*v = -5*d + 35, 3 - 20 = n*v + d. Let f(b) = -b + 1. Give f(v).
5
Let p be ((-4)/6)/((-2)/6). Let f(c) = c**3 + c**2 + c. Let q(j) = 3*j**3 - j**2 + 2*j + 2. Let k(z) = 2*f(z) - q(z). Determine k(p).
2
Suppose 0 = -p - 1, 3*n - 5*p - 5 = 9. Let o(z) = -7*z**2 - 10*z + 8. Let w(y) = 3*y**2 + 5*y - 4. Let q(r) = -4*o(r) - 9*w(r). What is q(n)?
-2
Let z(v) = v**2 - 10*v + 14. Let u be z(11). Suppose -2*b - 3*b - u = 0. Let w(s) = s - s - 4 - s. What is w(b)?
1
Let r(s) = s - 1. Let t(n) = 2*n**2 - 15*n + 2. Let p(i) = i**2 - 7*i + 1. Let y(c) = -9*p(c) + 4*t(c). Let k be y(2). Let a = k - -3. Determine r(a).
3
Let c(r) = -r + 9. Let w = 21 + -14. Calculate c(w).
2
Let k be 4/8 - 15/(-2). Suppose k*f - 10 = 3*f. Let x(r) = r**3 - r**2 - 2*r + 2. Give x(f).
2
Let s(z) be the second derivative of z**4/12 - 2*z**3/3 + z**2 - 22*z. Give s(4).
2
Let f(u) = u**2 - u + 1. Let y(o) = -7*o - 4. Let z(a) = f(a) + y(a). Give z(8).
-3
Let v be (-40)/(-18) - (-2)/(-9). Suppose 2*s + 5 = -x - 2*s, -v*s = 3*x - 5. Let p(q) = -6*q + 3 - x. Give p(1).
-6
Let u(g) = 3*g**2 + g. Let t be u(-1). Let y(f) = f**2 - 3*f - 4*f**2 + 6*f**t. Give y(2).
6
Let s(p) = -p**2 + 2*p - 3. Suppose -4*i + 7*i = 5*v + 40, -4*i - 3*v + 34 = 0. Suppose -4*x + 31 = 5*a, -3*x + i = 2*a - 2*x. Give s(a).
-6
Let s(m) = -5*m + 1. Let g be s(-3). Let u = -11 + g. Let i(v) = -v + 3. Calculate i(u).
-2
Let j(x) be the first derivative of -3*x**2 + 5/3*x**3 - 1 + 1/4*x**4 + 4*x. Let o be j(-6). Let i(s) = s**2 - 2*s - 4. Determine i(o).
4
Let z(q) = q**3 - 8*q**2 - 15*q. Let t(o) = -o**3 + 8*o**2 + 14*o - 1. Let u(h) = 6*t(h) + 5*z(h). Calculate u(9).
-6
Let m(r) = -r**2 - 1. Let i be (6 + -16)*(-8)/10. Let g = i + -6. Give m(g).
-5
Let s(t) = t + 1. Let x(o) = 2*o + 1. Let z(n) = s(n) - x(n). Let j = -5 - -8. Determine z(j).
-3
Let d(r) be the first derivative of 0*r**2 + 4/3*r**3 + 3 - 1/40*r**5 + 1/6*r**4 + 0*r. Let y(t) be the third derivative of d(t). Give y(3).
-5
Suppose 2*u - 12 = -2*u. Let p(y) = y - y**3 + 5*y**3 - 3*y**u - 2*y**3 + y**2. What is p(2)?
-2
Let p(h) = -2*h**2 + 4*h + 2. Let j = -1 - -5. What is p(j)?
-14
Let z(d) = -3*d**2 + d + 5*d**2 + 2 - 3*d**2. Calculate z(2).
0
Suppose -5*p = 6 - 16. Let g(j) = -5 + 3 - j**3 - 3*j**p - j + 2*j**2 + 2*j**3. What is g(0)?
-2
Let i(c) be the second derivative of -c**5/20 - 7*c**4/12 - 5*c**3/6 + 5*c**2/2 - 15*c. What is i(-6)?
-1
Let f(q) be the third derivative of -q**4/24 + 4*q**3/3 + 18*q**2. Determine f(-8).
16
Let k(x) = 8*x - 13*x**2 - 13 + 3 + 14*x**2. Calculate k(-8).
-10
Let b(v) = v**2 + v + 2. Let n be 1*3 + 8 + -7. Suppose 2*i + 2 = d, -5*i + 3*d - 8 = -n. Calculate b(i).
4
Let y(r) = 2*r - 10. Let f be y(9). Let l = -4 + f. Let b(t) = t**3 - 4*t**2 + t + 5. Give b(l).
9
Let j(f) = -159 + f + 159. Suppose 5*b - 12 = -2. Calculate j(b).
2
Let d(h) be the third derivative of 11*h**5/60 - h**4/24 + 150*h**2. Suppose 2*t - 5*q = 3, -3*t + 6*q = 2*q - 1. Give d(t).
12
Let j(b) = -6*b. Suppose t + 0 = s - 1, -3*s - 12 = 2*t. Calculate j(s).
12
Let y = 8 + 5. Let u = 22 - y. Let l(t) = 7*t**2 - 21*t + 9. Let a(x) = 2*x**2 - 5*x + 2. Let j(r) = u*a(r) - 2*l(r). Determine j(2).
10
Let b(o) = 5*o**3 - 2*o**2 + 2*o - 6. Let f(a) = 9*a**3 - 3*a**2 + 3*a - 11. Let s be -5*(-12)/15*1. Let i(q) = s*f(q) - 7*b(q). What is i(-3)?
-5
Let i(d) = 3*d**2 - d. Let r(z) = -11*z + 0 + 0 - 2*z**2 - 7 + z**2. Let n be r(-10). Suppose -n*v - 7 = -4. What is i(v)?
4
Suppose -2 = -4*h + 42. Let x = -5 + h. Let d(q) = -q**2 - x*q**2 + 7*q**3 + 1 + 2*q**2 + 4*q**2 - q. Determine d(1).
6
Let g(z) be the second derivative of -2*z**2 + 1/20*z**5 - 5*z + 0 + 7/6*z**3 - 1/2*z**4. Let j be 23/5 - (-6)/15. Give g(j).
6
Let h(l) = -l + 2. Let s = 6 + -1. Calculate h(s).
-3
Let d(v) = -v**2 + 6*v. Let m be d(5). Let w(a) = a + 11. Let c be w(-8). Let r(z) = 2*z**c + 0*z + 7 - 6*z**2 - z**3 + 3*z. What is r(m)?
-3
Let h(d) = d**3 + 7*d**2 + 5*d - 3. Let w(j) = j**3 + j**2 + 2*j + 2. Let g be w(-2). Give h(g).
3
Suppose -2*u + 25 = 21. Let p(k) = -k**3 + 4*k**2 - 3*k. Calculate p(u).
2
Let j(i) be the second derivative of -i**5/20 + i**4/3 + i**2/2 + 2*i. Let v(k) = -k**3 - 2*k**2 + k - 3. Let x be v(-3). Determine j(x).
10
Suppose -4*d = 9 + 27. Let s be (-1 - 1)/2*14. Let z = s - d. Let i(u) = -u**3 - 5*u**2 - 1. What is i(z)?
-1
Let z(k) = 0*k**2 - 7*k + 2*k**2 - 5 - 3*k**2 - 3. What is z(-6)?
-2
Let x(v) = -v + 1. Let n be x(-4). Let h(m) = -1 - 4*m**2 + n*m**2 + 3*m + 0*m**2 + 4*m. Give h(-6).
-7
Let o be (2/(-3))/(2*(-2)/30). Let z(d) = 6*d**2 + 2 - 3*d**3 + 2*d**3 - 3 - 6*d. What is z(o)?
-6
Suppose -16*p - 14 = 2. Let i(n) = 6*n**3 - 2*n - 1. Give i(p).
-5
Suppose 0 = 2*i - 4*k - 20, 2*k - 7*k - 16 = -i. Suppose z + i = -z. Let j(c) be the first derivative of -c**4/4 - c**3 + 3*c**2/2 + 2*c - 2. Determine j(z).
-7
Let n(w) be the first derivative of w**4/4 + 4*w**3/3 + 3*w**2/2 + 3*w - 2. Let t be n(-3). Let v(i) = -2*i**2 + 5*i - 2. What is v(t)?
-5
Let m(n) = -n**3 + 5*n**2 + 3*n - 16. Let l be m(5). Let u(y) be the first derivative of y**4 + 0*y + 0*y**3 + 1/